{"id":523,"date":"2018-10-10T15:44:18","date_gmt":"2018-10-10T15:44:18","guid":{"rendered":"http:\/\/feuerwehr-ehrenbreitstein.de\/?page_id=523"},"modified":"2018-10-10T15:44:18","modified_gmt":"2018-10-10T15:44:18","slug":"notfallnummern","status":"publish","type":"page","link":"http:\/\/feuerwehr-ehrenbreitstein.de\/?page_id=523","title":{"rendered":"Notfallnummern"},"content":{"rendered":"<p><strong>Not- und Bereitschaftsdienste<\/strong><\/p>\n<p><strong>Notrufnummern:<\/strong><\/p>\n<table border=\"0\">\n<tbody>\n<tr>\n<td>Polizei:<\/td>\n<td>\u00a0110<\/td>\n<\/tr>\n<tr>\n<td>Feuerwehr und Rettungsdienst:<\/td>\n<td>\u00a0112<\/td>\n<\/tr>\n<\/tbody>\n<\/table>\n<hr \/>\n<p><strong>Krankentransporte\u00a0<\/strong>(Kein Rettungsdienst!)<\/p>\n<p><strong>DRK &#8211; Rettungsdienst Rhein-Mosel-Eifel gGmbH (Tag und Nacht)<\/strong><\/p>\n<p><strong>\u00a0<\/strong><\/p>\n<table border=\"0\">\n<tbody>\n<tr>\n<td>Festnetz:<\/td>\n<td>\u00a019222 (Vorwahlfrei)<\/td>\n<\/tr>\n<tr>\n<td>Rettungswache Koblenz:<\/td>\n<td>\u00a00261\/19222<\/td>\n<\/tr>\n<\/tbody>\n<\/table>\n<p>In m\u00f6glich lebensbedrohlichen F\u00e4llen wenden Sie sich bitte immer an den Notdienst unter der Rufnummer 112!<\/p>\n<hr \/>\n<p><strong>\u00c4rztliche Bereitschaftsdienstzentrale Koblenz<\/strong><\/p>\n<p><strong>Klinikum Kemperhof Koblenz &#8211; Koblenzer Stra\u00dfe 115, 56073 Koblenz<\/strong><\/p>\n<p><strong>Telefon: 116 117<\/strong><\/p>\n<p><strong>\u00a0<\/strong><\/p>\n<p>\u00d6ffnungszeiten:<\/p>\n<table>\n<tbody>\n<tr>\n<td>Montag:<\/td>\n<td>00.00 Uhr &#8211; 07.00 Uhr<\/td>\n<td>und\u00a0\u00a0\u00a0\u00a0 19.00 Uhr &#8211; 24.00 Uhr<\/td>\n<\/tr>\n<tr>\n<td>Dienstag:<\/td>\n<td>00.00 Uhr &#8211; 07.00 Uhr<\/td>\n<td>und\u00a0\u00a0\u00a0 \u00a019.00 Uhr &#8211; 24.00 Uhr<\/td>\n<\/tr>\n<tr>\n<td>Mittwoch:<\/td>\n<td>00.00 Uhr &#8211; 07.00 Uhr<\/td>\n<td>und\u00a0\u00a0\u00a0 \u00a014.00 Uhr &#8211; 24.00 Uhr<\/td>\n<\/tr>\n<tr>\n<td>Donnerstag:<\/td>\n<td>00.00 Uhr &#8211; 07.00 Uhr<\/td>\n<td>und\u00a0\u00a0\u00a0\u00a0 19.00 Uhr &#8211; 24.00 Uhr<\/td>\n<\/tr>\n<tr>\n<td>Freitag:<\/td>\n<td>00.00 Uhr &#8211; 07.00 Uhr<\/td>\n<td>und\u00a0\u00a0\u00a0\u00a0 16.00 Uhr &#8211; 24.00 Uhr<\/td>\n<\/tr>\n<tr>\n<td>Samstag:<\/td>\n<td>00.00 Uhr &#8211; 24.00 Uhr<\/td>\n<td><\/td>\n<\/tr>\n<tr>\n<td>Sonntag:<\/td>\n<td>00.00 Uhr &#8211; 24.00 Uhr<\/td>\n<td><\/td>\n<\/tr>\n<tr>\n<td><\/td>\n<td><\/td>\n<td><\/td>\n<\/tr>\n<tr>\n<td>Feiertage:<\/td>\n<td>Vorabend\u00a0vor einem\u00a0Feiertag 18.00 Uhr<\/td>\n<td>bis Folgewerktag 07.00 Uhr<\/td>\n<\/tr>\n<\/tbody>\n<\/table>\n<p>Die Bereitschaftsdienstzentrale Kemperhof befindet sich direkt neben der Eingangst\u00fcr des Klinikums Kemperhof.<br \/>\nSie steht Patienten jeden Alters zur Verf\u00fcgung unabh\u00e4ngig von ihrem Wohnort.<\/p>\n<hr \/>\n<p><strong>Zahn\u00e4rztlicher Notfalldienst<\/strong><\/p>\n<p><strong>Telefon: 0180 &#8211; 50 40 30 8<\/strong><\/p>\n<p><strong>\u00a0<\/strong><\/p>\n<p>\u00d6ffnungszeiten:<\/p>\n<table>\n<tbody>\n<tr>\n<td>Freitagnachmittag:<\/td>\n<td>14.00 Uhr- 18.00 Uhr<\/td>\n<\/tr>\n<tr>\n<td>Wochenende:<\/td>\n<td>Samstag fr\u00fch 08.00 Uhr &#8211; Montag fr\u00fch 08.00 Uhr<\/td>\n<\/tr>\n<tr>\n<td>Mittwochnachmittag:<\/td>\n<td>14.00 Uhr &#8211; 18.00 Uhr<\/td>\n<\/tr>\n<tr>\n<td>An Feiertagen und eingeteilten Br\u00fcckentagen:<\/td>\n<td>Von fr\u00fch 08.00 Uhr bis zum nachfolgenden Tag fr\u00fch 08.00 Uhr<\/td>\n<\/tr>\n<\/tbody>\n<\/table>\n<p><strong>\u00a0<\/strong><\/p>\n<p><strong>In den vorstehend angegebenen Zeiten erf\u00e4hrt der Hilfe suchende Patient \u00fcber die einheitliche zahn\u00e4rztliche Notrufnummer die zum Notfalldienst eingeteilten Praxen. Die Rufnummer der zum organisierten Notfalldienst eingeteilten Zahnarztpraxen kann zudem der untenstehenden Tabelle auf dieser Seite entnommen werden.<\/strong><\/p>\n<p><strong>\u00a0<\/strong><\/p>\n<p class=\"align-left\">F\u00fcr eine Notfallbehandlung\u00a0au\u00dferhalb der angef\u00fchrten Zeiten des organisierten Notfalldienstes\u00a0nehmen Sie bitte Kontakt zu Ihrem Hauszahnarzt auf. Sollten Sie keinen Hauszahnarzt haben, empfiehlt Ihnen die Bezirkszahn\u00e4rztekammer Koblenz, sich an eine Zahnarztpraxis Ihres Vertrauens in Ihrer n\u00e4heren Umgebung zu wenden. Sollte die von Ihnen kontaktierte Praxis nicht besetzt sein, erhalten Sie \u00fcber deren Bandansage weitere Informationen.<\/p>\n<p><strong>\u21d2 Bitte beachten Sie \u21d0<\/strong><br \/>\nAus praxisorganisatorischen Gr\u00fcnden k\u00f6nnen Kernzeiten eingerichtet sein:<br \/>\nz. B. 10:00 &#8211; 12:00 Uhr und 16:00 \u2013 18:00 Uhr.<br \/>\nEs ist daher unbedingt erforderlich, vor Aufsuchen einer Notfalldienst leistenden Praxis dort anzurufen<br \/>\nund Ihr Anliegen zu besprechen!<br \/>\nDenken Sie bitte daran, dass Sie als gesetzlich Versicherter f\u00fcr den Notfalldienst Ihre elektronische Gesundheitskarte ben\u00f6tigen.<\/p>\n<p><strong>\u00a0<\/strong><\/p>\n<hr \/>\n<p><strong>Augen\u00e4rztlicher Notfalldienst<br \/>\n<\/strong><\/p>\n<p><strong>Telefon:\u00a001805 112 060<br \/>\n<\/strong><\/p>\n<p><strong>\u00a0<\/strong><\/p>\n<hr \/>\n<h4>Notdienst der Apotheken<\/h4>\n<p>Mit dem Apothekennotdienst wird daf\u00fcr gesorgt, dass die Apotheken im Notfall rund um die Uhr, also auch nachts, am Wochenende und an Feiertagen f\u00fcr die Bev\u00f6lkerung erreichbar sind.<br \/>\nWelche Apotheken in der N\u00e4he dienstbereit sind, kann\u00a0per Telefonanruf unter den nachstehenden Rufnummern abgerufen werden.<\/p>\n<p><strong>Festnetz:\u00a0\u00a0\u00a0\u00a0\u00a0\u00a0\u00a0\u00a0\u00a0\u00a0\u00a0\u00a0\u00a0\u00a0\u00a0 0180-5-258825-PLZ*\u00a0\u00a0\u00a0(0,14 \u20ac\/Min.)<br \/>\nMobilfunknetz:\u00a0\u00a0\u00a0 01805-5-258825-PLZ*\u00a0(max. 0,42 \u20ac\/Min.)<\/strong><\/p>\n<p>*PLZ des aktuellen Standortes\u00a0\u00a0\u00a0\u00a0\u00a0\u00a0 (Beispiel:\u00a0\u00a0\u00a00180-5-258825-56077(f\u00fcr Ehrenbreitstein).<\/p>\n<p>Es werden drei dienstbereite Apotheken in der Umgebung des Standortes mit jeweils vollst\u00e4ndiger Adresse und Telefonnummer angesagt. Wenn die direkte Eingabe der Postleitzahl vergessen wird, so wird sie vom System erfragt und kann nachtr\u00e4glich eingegegeben werden.<\/p>\n<p>\u21d2 Der Notdienst beginnt um 8:30 Uhr und endet am Folgetag um 8:30 Uhr.<\/p>\n<p>Falls im Einzelfall die Telefonnummer oder die Postleitzahl nicht bekannt sind, kann auch ein Blick an die n\u00e4chste Apotheke helfen, denn an jeder Apotheke m\u00fcssen die n\u00e4chstliegenden notdienstbereiten Apotheken bekannt gemacht sein.<\/p>\n<p>Nach der Arzneimittelpreisverordnung k\u00f6nnen Apotheker bei der Inanspruchnahme des Notdienstes hierf\u00fcr einen zus\u00e4tzlichen Betrag in H\u00f6he von 2,50 \u20ac in der Zeit von 20:00 bis 6:00 Uhr erheben.<\/p>\n","protected":false},"excerpt":{"rendered":"<p>Not- und Bereitschaftsdienste Notrufnummern: Polizei: \u00a0110 Feuerwehr und Rettungsdienst: \u00a0112 Krankentransporte\u00a0(Kein Rettungsdienst!) DRK &#8211; Rettungsdienst Rhein-Mosel-Eifel gGmbH (Tag und Nacht) \u00a0 Festnetz: \u00a019222 (Vorwahlfrei) Rettungswache Koblenz: \u00a00261\/19222 In m\u00f6glich lebensbedrohlichen F\u00e4llen wenden Sie sich bitte immer an den Notdienst unter der Rufnummer 112! \u00c4rztliche Bereitschaftsdienstzentrale Koblenz Klinikum Kemperhof Koblenz &#8211; Koblenzer Stra\u00dfe 115, 56073 Koblenz [&hellip;]<\/p>\n","protected":false},"author":1,"featured_media":0,"parent":510,"menu_order":0,"comment_status":"closed","ping_status":"closed","template":"","meta":{"spay_email":""},"jetpack_sharing_enabled":true,"jetpack_shortlink":"https:\/\/wp.me\/P5j8kt-8r","jetpack_likes_enabled":true,"_links":{"self":[{"href":"http:\/\/feuerwehr-ehrenbreitstein.de\/index.php?rest_route=\/wp\/v2\/pages\/523"}],"collection":[{"href":"http:\/\/feuerwehr-ehrenbreitstein.de\/index.php?rest_route=\/wp\/v2\/pages"}],"about":[{"href":"http:\/\/feuerwehr-ehrenbreitstein.de\/index.php?rest_route=\/wp\/v2\/types\/page"}],"author":[{"embeddable":true,"href":"http:\/\/feuerwehr-ehrenbreitstein.de\/index.php?rest_route=\/wp\/v2\/users\/1"}],"replies":[{"embeddable":true,"href":"http:\/\/feuerwehr-ehrenbreitstein.de\/index.php?rest_route=%2Fwp%2Fv2%2Fcomments&post=523"}],"version-history":[{"count":1,"href":"http:\/\/feuerwehr-ehrenbreitstein.de\/index.php?rest_route=\/wp\/v2\/pages\/523\/revisions"}],"predecessor-version":[{"id":524,"href":"http:\/\/feuerwehr-ehrenbreitstein.de\/index.php?rest_route=\/wp\/v2\/pages\/523\/revisions\/524"}],"up":[{"embeddable":true,"href":"http:\/\/feuerwehr-ehrenbreitstein.de\/index.php?rest_route=\/wp\/v2\/pages\/510"}],"wp:attachment":[{"href":"http:\/\/feuerwehr-ehrenbreitstein.de\/index.php?rest_route=%2Fwp%2Fv2%2Fmedia&parent=523"}],"curies":[{"name":"wp","href":"https:\/\/api.w.org\/{rel}","templated":true}]}}