{"id":30,"date":"2014-11-06T18:17:23","date_gmt":"2014-11-06T18:17:23","guid":{"rendered":"http:\/\/feuerwehr-ehrenbreitstein.de\/?page_id=30"},"modified":"2021-01-03T12:40:17","modified_gmt":"2021-01-03T12:40:17","slug":"fahrzeuge","status":"publish","type":"page","link":"http:\/\/feuerwehr-ehrenbreitstein.de\/?page_id=30","title":{"rendered":"Fahrzeuge"},"content":{"rendered":"<p>F\u00fcr weitere Details klicken Sie bitte auf das jeweilige Fahrzeug.<\/p>\n<p style=\"text-align: center;\"><span style=\"text-decoration: underline;\">Mittleres L\u00f6schfahrzeug (MLF)<\/span><\/p>\n<p style=\"text-align: center;\"><a href=\"http:\/\/feuerwehr-ehrenbreitstein.de\/?page_id=686\"><img loading=\"lazy\" class=\"alignnone  wp-image-689\" src=\"http:\/\/feuerwehr-ehrenbreitstein.de\/wp-content\/uploads\/2021\/01\/6111281D-679E-4CFA-BC04-B574D4616182-218x300.jpeg\" alt=\"\" width=\"264\" height=\"363\" srcset=\"http:\/\/feuerwehr-ehrenbreitstein.de\/wp-content\/uploads\/2021\/01\/6111281D-679E-4CFA-BC04-B574D4616182-218x300.jpeg 218w, http:\/\/feuerwehr-ehrenbreitstein.de\/wp-content\/uploads\/2021\/01\/6111281D-679E-4CFA-BC04-B574D4616182-743x1024.jpeg 743w, http:\/\/feuerwehr-ehrenbreitstein.de\/wp-content\/uploads\/2021\/01\/6111281D-679E-4CFA-BC04-B574D4616182-768x1059.jpeg 768w, http:\/\/feuerwehr-ehrenbreitstein.de\/wp-content\/uploads\/2021\/01\/6111281D-679E-4CFA-BC04-B574D4616182.jpeg 954w\" sizes=\"(max-width: 264px) 100vw, 264px\" \/><\/a><\/p>\n<p style=\"text-align: center;\"><span style=\"text-decoration: underline;\">Mannschaftstransportfahrzeug (MTF)<\/span><\/p>\n<p><a title=\"MTF\" href=\"http:\/\/feuerwehr-ehrenbreitstein.de\/?page_id=34\"><img loading=\"lazy\" class=\"wp-image-618 size-medium aligncenter\" src=\"http:\/\/feuerwehr-ehrenbreitstein.de\/wp-content\/uploads\/2019\/05\/3cc885e1-9c9b-4631-857d-6f47a07bad8e-1-300x255-300x255.jpg\" alt=\"\" width=\"300\" height=\"255\" \/><\/a><\/p>\n<p style=\"text-align: center;\"><span style=\"text-decoration: underline;\">Feuerwehranh\u00e4nger Strom (FwA-Strom)<\/span><\/p>\n<p style=\"text-align: center;\"><a href=\"http:\/\/feuerwehr-ehrenbreitstein.de\/?page_id=703\"><img loading=\"lazy\" class=\"alignnone  wp-image-704\" src=\"http:\/\/feuerwehr-ehrenbreitstein.de\/wp-content\/uploads\/2021\/01\/B2C077EC-50FB-4ACD-8B11-9ACD467B97E9-300x169.jpeg\" alt=\"\" width=\"353\" height=\"199\" srcset=\"http:\/\/feuerwehr-ehrenbreitstein.de\/wp-content\/uploads\/2021\/01\/B2C077EC-50FB-4ACD-8B11-9ACD467B97E9-300x169.jpeg 300w, http:\/\/feuerwehr-ehrenbreitstein.de\/wp-content\/uploads\/2021\/01\/B2C077EC-50FB-4ACD-8B11-9ACD467B97E9-1024x576.jpeg 1024w, http:\/\/feuerwehr-ehrenbreitstein.de\/wp-content\/uploads\/2021\/01\/B2C077EC-50FB-4ACD-8B11-9ACD467B97E9-768x432.jpeg 768w, http:\/\/feuerwehr-ehrenbreitstein.de\/wp-content\/uploads\/2021\/01\/B2C077EC-50FB-4ACD-8B11-9ACD467B97E9-1536x864.jpeg 1536w, http:\/\/feuerwehr-ehrenbreitstein.de\/wp-content\/uploads\/2021\/01\/B2C077EC-50FB-4ACD-8B11-9ACD467B97E9-2048x1152.jpeg 2048w\" sizes=\"(max-width: 353px) 100vw, 353px\" \/><\/a><\/p>\n<p>\u00a0<\/p>\n<p><strong>Ehemalige Fahrzeuge<\/strong><\/p>\n<p>\u00a0<\/p>\n<p style=\"text-align: center;\"><span style=\"text-decoration: underline;\">Tankl\u00f6schfahrzeug (TLF 16\/25)<\/span><\/p>\n<p><a title=\"TLF 16\/25\" href=\"http:\/\/feuerwehr-ehrenbreitstein.de\/?page_id=32\"><img loading=\"lazy\" class=\"aligncenter size-medium wp-image-124\" src=\"http:\/\/feuerwehr-ehrenbreitstein.de\/wp-content\/uploads\/2014\/11\/DSCF0029hp-300x225.jpg\" alt=\"DSCF0029hp\" width=\"300\" height=\"225\" srcset=\"http:\/\/feuerwehr-ehrenbreitstein.de\/wp-content\/uploads\/2014\/11\/DSCF0029hp-300x225.jpg 300w, http:\/\/feuerwehr-ehrenbreitstein.de\/wp-content\/uploads\/2014\/11\/DSCF0029hp.jpg 800w\" sizes=\"(max-width: 300px) 100vw, 300px\" \/><\/a><\/p>\n<p style=\"text-align: center;\"><span style=\"text-decoration: underline;\">Rettungsboot (RTB)<\/span><\/p>\n<p><a title=\"RTB\" href=\"http:\/\/feuerwehr-ehrenbreitstein.de\/?page_id=38\"><img loading=\"lazy\" class=\"aligncenter size-medium wp-image-128\" src=\"http:\/\/feuerwehr-ehrenbreitstein.de\/wp-content\/uploads\/2014\/11\/DSCF0019Copy-300x225.jpg\" alt=\"DSCF0019(Copy)\" width=\"300\" height=\"225\" srcset=\"http:\/\/feuerwehr-ehrenbreitstein.de\/wp-content\/uploads\/2014\/11\/DSCF0019Copy-300x225.jpg 300w, http:\/\/feuerwehr-ehrenbreitstein.de\/wp-content\/uploads\/2014\/11\/DSCF0019Copy.jpg 800w\" sizes=\"(max-width: 300px) 100vw, 300px\" \/><\/a><\/p>\n<p style=\"text-align: center;\">\u00a0<span style=\"text-decoration: underline;\">Anh\u00e4nger Strom (AH-STROM)<\/span><\/p>\n<p><a title=\"AH-Strom\" href=\"http:\/\/feuerwehr-ehrenbreitstein.de\/?page_id=40\"><img loading=\"lazy\" class=\"aligncenter size-medium wp-image-106\" src=\"http:\/\/feuerwehr-ehrenbreitstein.de\/wp-content\/uploads\/2014\/11\/DSCF0021hp-300x225.jpg\" alt=\"DSCF0021hp\" width=\"300\" height=\"225\" srcset=\"http:\/\/feuerwehr-ehrenbreitstein.de\/wp-content\/uploads\/2014\/11\/DSCF0021hp-300x225.jpg 300w, http:\/\/feuerwehr-ehrenbreitstein.de\/wp-content\/uploads\/2014\/11\/DSCF0021hp.jpg 800w\" sizes=\"(max-width: 300px) 100vw, 300px\" \/><\/a><\/p>\n<p>\u00a0<\/p>\n<p style=\"text-align: center;\">\u00a0<\/p>\n\n\n<p><\/p>\n","protected":false},"excerpt":{"rendered":"<p>F\u00fcr weitere Details klicken Sie bitte auf das jeweilige Fahrzeug. Mittleres L\u00f6schfahrzeug (MLF) Mannschaftstransportfahrzeug (MTF) Feuerwehranh\u00e4nger Strom (FwA-Strom) \u00a0 Ehemalige Fahrzeuge \u00a0 Tankl\u00f6schfahrzeug (TLF 16\/25) Rettungsboot (RTB) \u00a0Anh\u00e4nger Strom (AH-STROM) \u00a0 \u00a0<\/p>\n","protected":false},"author":1,"featured_media":0,"parent":0,"menu_order":3,"comment_status":"closed","ping_status":"closed","template":"","meta":{"spay_email":""},"jetpack_sharing_enabled":true,"jetpack_shortlink":"https:\/\/wp.me\/P5j8kt-u","jetpack_likes_enabled":true,"_links":{"self":[{"href":"http:\/\/feuerwehr-ehrenbreitstein.de\/index.php?rest_route=\/wp\/v2\/pages\/30"}],"collection":[{"href":"http:\/\/feuerwehr-ehrenbreitstein.de\/index.php?rest_route=\/wp\/v2\/pages"}],"about":[{"href":"http:\/\/feuerwehr-ehrenbreitstein.de\/index.php?rest_route=\/wp\/v2\/types\/page"}],"author":[{"embeddable":true,"href":"http:\/\/feuerwehr-ehrenbreitstein.de\/index.php?rest_route=\/wp\/v2\/users\/1"}],"replies":[{"embeddable":true,"href":"http:\/\/feuerwehr-ehrenbreitstein.de\/index.php?rest_route=%2Fwp%2Fv2%2Fcomments&post=30"}],"version-history":[{"count":16,"href":"http:\/\/feuerwehr-ehrenbreitstein.de\/index.php?rest_route=\/wp\/v2\/pages\/30\/revisions"}],"predecessor-version":[{"id":708,"href":"http:\/\/feuerwehr-ehrenbreitstein.de\/index.php?rest_route=\/wp\/v2\/pages\/30\/revisions\/708"}],"wp:attachment":[{"href":"http:\/\/feuerwehr-ehrenbreitstein.de\/index.php?rest_route=%2Fwp%2Fv2%2Fmedia&parent=30"}],"curies":[{"name":"wp","href":"https:\/\/api.w.org\/{rel}","templated":true}]}}

<p>Für weitere Details klicken Sie bitte auf das jeweilige Fahrzeug.</p>
<p style="text-align: center;"><span style="text-decoration: underline;">Mittleres Löschfahrzeug (MLF)</span></p>
<p style="text-align: center;"><a href="http://feuerwehr-ehrenbreitstein.de/?page_id=686"><img loading="lazy" class="alignnone  wp-image-689" src="http://feuerwehr-ehrenbreitstein.de/wp-content/uploads/2021/01/6111281D-679E-4CFA-BC04-B574D4616182-218x300.jpeg" alt="" width="264" height="363" srcset="http://feuerwehr-ehrenbreitstein.de/wp-content/uploads/2021/01/6111281D-679E-4CFA-BC04-B574D4616182-218x300.jpeg 218w, http://feuerwehr-ehrenbreitstein.de/wp-content/uploads/2021/01/6111281D-679E-4CFA-BC04-B574D4616182-743x1024.jpeg 743w, http://feuerwehr-ehrenbreitstein.de/wp-content/uploads/2021/01/6111281D-679E-4CFA-BC04-B574D4616182-768x1059.jpeg 768w, http://feuerwehr-ehrenbreitstein.de/wp-content/uploads/2021/01/6111281D-679E-4CFA-BC04-B574D4616182.jpeg 954w" sizes="(max-width: 264px) 100vw, 264px" /></a></p>
<p style="text-align: center;"><span style="text-decoration: underline;">Mannschaftstransportfahrzeug (MTF)</span></p>
<p><a title="MTF" href="http://feuerwehr-ehrenbreitstein.de/?page_id=34"><img loading="lazy" class="wp-image-618 size-medium aligncenter" src="http://feuerwehr-ehrenbreitstein.de/wp-content/uploads/2019/05/3cc885e1-9c9b-4631-857d-6f47a07bad8e-1-300x255-300x255.jpg" alt="" width="300" height="255" /></a></p>
<p style="text-align: center;"><span style="text-decoration: underline;">Feuerwehranhänger Strom (FwA-Strom)</span></p>
<p style="text-align: center;"><a href="http://feuerwehr-ehrenbreitstein.de/?page_id=703"><img loading="lazy" class="alignnone  wp-image-704" src="http://feuerwehr-ehrenbreitstein.de/wp-content/uploads/2021/01/B2C077EC-50FB-4ACD-8B11-9ACD467B97E9-300x169.jpeg" alt="" width="353" height="199" srcset="http://feuerwehr-ehrenbreitstein.de/wp-content/uploads/2021/01/B2C077EC-50FB-4ACD-8B11-9ACD467B97E9-300x169.jpeg 300w, http://feuerwehr-ehrenbreitstein.de/wp-content/uploads/2021/01/B2C077EC-50FB-4ACD-8B11-9ACD467B97E9-1024x576.jpeg 1024w, http://feuerwehr-ehrenbreitstein.de/wp-content/uploads/2021/01/B2C077EC-50FB-4ACD-8B11-9ACD467B97E9-768x432.jpeg 768w, http://feuerwehr-ehrenbreitstein.de/wp-content/uploads/2021/01/B2C077EC-50FB-4ACD-8B11-9ACD467B97E9-1536x864.jpeg 1536w, http://feuerwehr-ehrenbreitstein.de/wp-content/uploads/2021/01/B2C077EC-50FB-4ACD-8B11-9ACD467B97E9-2048x1152.jpeg 2048w" sizes="(max-width: 353px) 100vw, 353px" /></a></p>
<p> </p>
<p><strong>Ehemalige Fahrzeuge</strong></p>
<p> </p>
<p style="text-align: center;"><span style="text-decoration: underline;">Tanklöschfahrzeug (TLF 16/25)</span></p>
<p><a title="TLF 16/25" href="http://feuerwehr-ehrenbreitstein.de/?page_id=32"><img loading="lazy" class="aligncenter size-medium wp-image-124" src="http://feuerwehr-ehrenbreitstein.de/wp-content/uploads/2014/11/DSCF0029hp-300x225.jpg" alt="DSCF0029hp" width="300" height="225" srcset="http://feuerwehr-ehrenbreitstein.de/wp-content/uploads/2014/11/DSCF0029hp-300x225.jpg 300w, http://feuerwehr-ehrenbreitstein.de/wp-content/uploads/2014/11/DSCF0029hp.jpg 800w" sizes="(max-width: 300px) 100vw, 300px" /></a></p>
<p style="text-align: center;"><span style="text-decoration: underline;">Rettungsboot (RTB)</span></p>
<p><a title="RTB" href="http://feuerwehr-ehrenbreitstein.de/?page_id=38"><img loading="lazy" class="aligncenter size-medium wp-image-128" src="http://feuerwehr-ehrenbreitstein.de/wp-content/uploads/2014/11/DSCF0019Copy-300x225.jpg" alt="DSCF0019(Copy)" width="300" height="225" srcset="http://feuerwehr-ehrenbreitstein.de/wp-content/uploads/2014/11/DSCF0019Copy-300x225.jpg 300w, http://feuerwehr-ehrenbreitstein.de/wp-content/uploads/2014/11/DSCF0019Copy.jpg 800w" sizes="(max-width: 300px) 100vw, 300px" /></a></p>
<p style="text-align: center;"> <span style="text-decoration: underline;">Anhänger Strom (AH-STROM)</span></p>
<p><a title="AH-Strom" href="http://feuerwehr-ehrenbreitstein.de/?page_id=40"><img loading="lazy" class="aligncenter size-medium wp-image-106" src="http://feuerwehr-ehrenbreitstein.de/wp-content/uploads/2014/11/DSCF0021hp-300x225.jpg" alt="DSCF0021hp" width="300" height="225" srcset="http://feuerwehr-ehrenbreitstein.de/wp-content/uploads/2014/11/DSCF0021hp-300x225.jpg 300w, http://feuerwehr-ehrenbreitstein.de/wp-content/uploads/2014/11/DSCF0021hp.jpg 800w" sizes="(max-width: 300px) 100vw, 300px" /></a></p>
<p> </p>
<p style="text-align: center;"> </p>


<p></p>

<p>Für weitere Details klicken Sie bitte auf das jeweilige Fahrzeug. Mittleres Löschfahrzeug (MLF) Mannschaftstransportfahrzeug (MTF) Feuerwehranhänger Strom (FwA-Strom)   Ehemalige Fahrzeuge   Tanklöschfahrzeug (TLF 16/25) Rettungsboot (RTB)  Anhänger Strom (AH-STROM)    </p>
