{"id":2,"date":"2014-09-05T04:41:07","date_gmt":"2014-09-05T04:41:07","guid":{"rendered":"http:\/\/localhost\/wordpress-4.0\/wordpress\/?page_id=2"},"modified":"2021-03-06T07:25:57","modified_gmt":"2021-03-06T07:25:57","slug":"sample-page","status":"publish","type":"page","link":"http:\/\/feuerwehr-ehrenbreitstein.de\/","title":{"rendered":"Home"},"content":{"rendered":"<div class=\"entry-content\">\n<p style=\"text-align: center;\">Herzlich Willkommen auf unserer Homepage der<\/p>\n<p style=\"text-align: center;\">Freiwilligen Feuerwehr Koblenz-Ehrenbreitstein.<\/p>\n<p style=\"text-align: center;\"><a href=\"http:\/\/feuerwehr-ehrenbreitstein.de\/wp-content\/uploads\/2021\/03\/CD16E182-9836-4D00-A399-9444214454EA.jpeg\"><img loading=\"lazy\" class=\"alignnone size-medium wp-image-748\" src=\"http:\/\/feuerwehr-ehrenbreitstein.de\/wp-content\/uploads\/2021\/03\/CD16E182-9836-4D00-A399-9444214454EA-223x300.jpeg\" alt=\"\" width=\"223\" height=\"300\" srcset=\"http:\/\/feuerwehr-ehrenbreitstein.de\/wp-content\/uploads\/2021\/03\/CD16E182-9836-4D00-A399-9444214454EA-223x300.jpeg 223w, http:\/\/feuerwehr-ehrenbreitstein.de\/wp-content\/uploads\/2021\/03\/CD16E182-9836-4D00-A399-9444214454EA-760x1024.jpeg 760w, http:\/\/feuerwehr-ehrenbreitstein.de\/wp-content\/uploads\/2021\/03\/CD16E182-9836-4D00-A399-9444214454EA-768x1035.jpeg 768w, http:\/\/feuerwehr-ehrenbreitstein.de\/wp-content\/uploads\/2021\/03\/CD16E182-9836-4D00-A399-9444214454EA.jpeg 775w\" sizes=\"(max-width: 223px) 100vw, 223px\" \/><\/a><\/p>\n<p style=\"text-align: center;\">Auf den folgenden Seiten m\u00f6chten wir Ihnen einen kleinen \u00dcberblick \u00fcber uns und unsere Arbeit geben. Wir w\u00fcnschen Ihnen viel Spa\u00df. Bei R\u00fcckfragen aller Art stehen wir Ihnen selbstverst\u00e4ndlich zur Verf\u00fcgung.<\/p>\n<p style=\"text-align: center;\">\n<\/div>\n","protected":false},"excerpt":{"rendered":"<p>Herzlich Willkommen auf unserer Homepage der Freiwilligen Feuerwehr Koblenz-Ehrenbreitstein. Auf den folgenden Seiten m\u00f6chten wir Ihnen einen kleinen \u00dcberblick \u00fcber uns und unsere Arbeit geben. Wir w\u00fcnschen Ihnen viel Spa\u00df. Bei R\u00fcckfragen aller Art stehen wir Ihnen selbstverst\u00e4ndlich zur Verf\u00fcgung.<\/p>\n","protected":false},"author":1,"featured_media":0,"parent":0,"menu_order":0,"comment_status":"closed","ping_status":"closed","template":"","meta":{"spay_email":""},"jetpack_sharing_enabled":true,"jetpack_shortlink":"https:\/\/wp.me\/P5j8kt-2","jetpack_likes_enabled":true,"_links":{"self":[{"href":"http:\/\/feuerwehr-ehrenbreitstein.de\/index.php?rest_route=\/wp\/v2\/pages\/2"}],"collection":[{"href":"http:\/\/feuerwehr-ehrenbreitstein.de\/index.php?rest_route=\/wp\/v2\/pages"}],"about":[{"href":"http:\/\/feuerwehr-ehrenbreitstein.de\/index.php?rest_route=\/wp\/v2\/types\/page"}],"author":[{"embeddable":true,"href":"http:\/\/feuerwehr-ehrenbreitstein.de\/index.php?rest_route=\/wp\/v2\/users\/1"}],"replies":[{"embeddable":true,"href":"http:\/\/feuerwehr-ehrenbreitstein.de\/index.php?rest_route=%2Fwp%2Fv2%2Fcomments&post=2"}],"version-history":[{"count":13,"href":"http:\/\/feuerwehr-ehrenbreitstein.de\/index.php?rest_route=\/wp\/v2\/pages\/2\/revisions"}],"predecessor-version":[{"id":750,"href":"http:\/\/feuerwehr-ehrenbreitstein.de\/index.php?rest_route=\/wp\/v2\/pages\/2\/revisions\/750"}],"wp:attachment":[{"href":"http:\/\/feuerwehr-ehrenbreitstein.de\/index.php?rest_route=%2Fwp%2Fv2%2Fmedia&parent=2"}],"curies":[{"name":"wp","href":"https:\/\/api.w.org\/{rel}","templated":true}]}}